the prime factors of c(t).
5, 7
Let x(m) = 9*m**3 - 28*m**2 - 69*m - 16. Let y(i) = 5*i**3 - 14*i**2 - 35*i - 9. Let k(g) = -4*x(g) + 7*y(g). List the prime factors of k(15).
241
Let g(n) = -6*n - 2*n - 1043 - 3*n + 1033. List the prime factors of g(-5).
3, 5
Let i be ((-54)/(-15))/(6/(-20)). Let x be 370/(-4) + i/8. Let z = x - -131. List the prime factors of z.
37
List the prime factors of ((-9)/(-11))/(-3) + 2638013/539.
2, 2447
Let g(d) = 7*d**2 - 14*d - 377. List the prime factors of g(26).
13, 307
Let h be -3 + 7/(7/4). Let k be (h - 0)/(3/24*1). Suppose 2*d - 300 = -k*d. List the prime factors of d.
2, 3, 5
Let w(u) = -47*u + 4. Let a(v) = -v**2 + 4*v - 1. Let c be a(2). Let h be w(c). Let k = 278 + h. List the prime factors of k.
3, 47
Suppose -175*t + 372117 - 107824 = -514982. List the prime factors of t.
61, 73
Let p be 1019*(-2)/4*-2. Let j = 1711 - p. What are the prime factors of j?
2, 173
Let f = 161 + -260. Let o = f - -171. Suppose 2*t = 38 + o. What are the prime factors of t?
5, 11
Let b = 2 - 0. Let g = b + 101. Suppose 0*n = n - g. What are the prime factors of n?
103
Suppose -3167 = -v - 3*k - 626, 0 = -v - 4*k + 2541. List the prime factors of v.
3, 7, 11
List the prime factors of 8839 + (20/(-60)*(-18)/(-1) - -6).
8839
Let h(j) = 3*j**3 - 5*j**2 - 26*j + 112. List the prime factors of h(9).
2, 5, 83
Let w(a) = -23*a**2 + 17*a + 17. Let z = 43 - 32. Let k(s) = -8*s**2 + 6*s + 6. Let b(h) = z*k(h) - 4*w(h). List the prime factors of b(-2).
2, 3
Suppose -11 + 87 = 4*j. Let k(n) = -j + 17*n**2 - n - 9*n - n - n**3. List the prime factors of k(16).
61
Let k(v) = 16*v**2 - 8*v - 12. Let x be k(9). Suppose -8*f - x = -12*f. List the prime factors of f.
3, 101
Suppose -23 = -4*w + 13. Let p = -9 + w. Suppose -6*n + 44 = 2*q - 2*n, p = -3*q - n + 56. What are the prime factors of q?
2, 3
Suppose 0 = 180*f - 179*f - 3. What are the prime factors of f + 0 + 1116/6?
3, 7
Let l(q) = -57*q + 5. Let s = -26 + -29. Let m = 53 + s. What are the prime factors of l(m)?
7, 17
Suppose 101*m - 1065911 = 24*m. What are the prime factors of m?
109, 127
Suppose -334*d + 339*d - 380 = 0. Suppose x = 2*g + 265, 2*x + 2*x + g = 1042. Let i = x - d. List the prime factors of i.
5, 37
Let j(o) be the third derivative of 79*o**5/12 - o**4/24 + o**3/6 - 75*o**2. What are the prime factors of j(-1)?
397
What are the prime factors of (((-5)/30)/(4/(-2088)))/(1/7)?
3, 7, 29
Let t = 17 + 0. Let u = -4368 - -4386. Let a = u + t. List the prime factors of a.
5, 7
Suppose 5*g + 27 - 7 = 0, -2*w + 3*g = 490. Let b = w - -823. List the prime factors of b.
2, 11, 13
Suppose -s = 3*f - 0*f + 107, -5*f + s = 173. Let m = f - -404. What are the prime factors of m?
3, 41
List the prime factors of 1*(-1885)/208*-28*(1 - -35).
3, 5, 7, 29
List the prime factors of (-35 - -2)/((-7*(-4)/(-420))/33).
3, 5, 11
Suppose -t = -2*p - 0*p - 30, -15 = 5*p. List the prime factors of (-9)/(-24) - (-9735)/t.
2, 7, 29
Let f = 350 - 356. What are the prime factors of 957 + 1 + (2 - (f + 8))?
2, 479
Let x(c) = 1291*c**2 + 68*c - 374. List the prime factors of x(5).
3, 11, 977
Suppose 4*b = 4*s + 40, -3*s - 5*b + 1 = -s. Let x be 1/(-1 - (2 + s/2)). Suppose -5 + 17 = x*k. What are the prime factors of k?
2, 3
Let p = -13 - -18. Let z = 16 + p. Suppose -x + s + 84 - z = 0, -57 = -x - 2*s. What are the prime factors of x?
61
Let u be (-2 + 1/(-4)*-8)/(-3). Suppose 10*m - 9495 + 2795 = u. List the prime factors of m.
2, 5, 67
Let y(v) = 4*v + 22. Suppose -5*h = -2*g + 42, -19 = 2*h - 2*g - 7. Let k be y(h). List the prime factors of (-6)/27 - 1066/k.
59
Let c = 37861 - 29554. List the prime factors of c.
3, 13, 71
Let a(j) = -j**3 + 8*j**2 + 10*j + 5. Let r(l) = 3*l - 33. Let p be r(14). Let s be a(p). What are the prime factors of (-189)/s*(-4)/6?
3
Let v(c) = -c**3 + 9*c**2 + 8*c + 17. Let u = 21 - 11. Let k be v(u). Let t(m) = -56*m - 11. List the prime factors of t(k).
157
Suppose d - 60406 = -h, -3*d + 2*h + 232042 = 50824. What are the prime factors of d?
2, 30203
Let i be -10 - 2/((-2)/(-1)). Let l(a) = -5 - 227*a - 27 + 164*a + 34*a. List the prime factors of l(i).
7, 41
Let i(s) = 91*s - 111. Let y be i(23). Suppose 4*a - x = 1590 + y, 4*a = 4*x + 3584. What are the prime factors of a?
2, 223
Let t(g) = 228*g**2 + 11 - 5 + 13*g - 4 - 9*g. List the prime factors of t(-1).
2, 113
Let o = 2720 - 2715. Let a(w) be the second derivative of w**4/12 - 4*w**3/3 + 25*w**2/2 - 2*w. What are the prime factors of a(o)?
2, 5
Let k = -116 + 123. Suppose 4*z + 9 = -k. List the prime factors of (-33)/(6/z*(-2)/(-20)).
2, 5, 11
Let i(h) = -15 + 23*h**2 + 2*h - 27 - 10*h**2 + 33. Let o be i(-5). Suppose 4*f - 604 = -0*f - 4*t, o = 2*f + 3*t. What are the prime factors of f?
3, 7
Suppose 3*z = 2*z. Suppose -5*l = -z*l - 640. Let h = -17 + l. What are the prime factors of h?
3, 37
Suppose 869*x = 870*x + 280. List the prime factors of (-3*(-90)/(-21))/(6/x).
2, 3, 5
Let b(m) = -3*m**3 - 22*m**2 - 113. List the prime factors of b(-32).
3, 7, 1201
Let s(a) = -4*a**2 - 503*a + 3. List the prime factors of s(-15).
2, 3, 277
Suppose d + 2*v - 5*v - 1128 = 0, 0 = -d - 5*v + 1160. Let j = d - 444. What are the prime factors of j?
2, 3, 29
Let c be (-1)/(-3) - (-8)/12. Suppose -4 = -q + c, -4*h + 3*q = 15. What are the prime factors of (h - 20/3)*(-759)/22?
2, 5, 23
Let q(r) be the first derivative of r**3/3 + 7*r**2/2 - 62*r - 30. Let m be q(-14). Suppose a = 18 + m. List the prime factors of a.
2, 3
Let x be ((-6)/9 + 1)/(1/57). Let v(p) = p - 16. Let q be v(x). Suppose -q*s - 555 = -8*s. What are the prime factors of s?
3, 37
Suppose 8921 = 3*o - 3337. List the prime factors of o.
2, 3, 227
Suppose -5*y - 642 = -2*g + 4*g, -4*g - 1266 = y. Let z = -215 - g. Suppose -l = -2*l + z. What are the prime factors of l?
101
Let a(p) = -88*p**3 - 25*p**2 - 5*p - 67. List the prime factors of a(-6).
17, 1063
Suppose 0 = -0*b + b - 4, -808 = -2*z + 4*b. Suppose -5*h - 5*i - z = -6*h, -4*h = -5*i - 1723. What are the prime factors of h?
19, 23
What are the prime factors of (702488/40 - -7) + -4*4/(-20)?
2, 5, 7, 251
Let s be ((-42)/(-11) - 30/(-165))/((-4)/3). Let p(i) = -2*i**3 + 2*i - 3*i**2 + 4 + 0*i**2 - 1. List the prime factors of p(s).
2, 3
Suppose -4*i - 16*t + 13*t = -34328, 4*t = -i + 8569. List the prime factors of i.
5, 17, 101
Suppose 0*o - 64 = 8*o. Let y(b) = -b**3 - 7*b**2 + 19*b - 7. Let i be y(o). Let c = -26 - i. What are the prime factors of c?
3, 23
Let a be 36/2*(7 + (-95)/15). Let r(d) = -d**3 + 0*d**3 + 1 - 3*d - 5 - 13 + 13*d**2. What are the prime factors of r(a)?
7, 13
What are the prime factors of 42/21 - (-8)/(-4)*-3004?
2, 5, 601
Let b(w) = 170*w**2 + 4*w - 126. List the prime factors of b(-8).
2, 3, 1787
Suppose 246*d - 248*d = -346. Let t = d - -27. What are the prime factors of t?
2, 5
Suppose -25*z + 182400 = 89*z. List the prime factors of z.
2, 5
Suppose -34*n + 31*n = 0. Suppose 23*j - 6*j - 153 = n. Suppose -6*c = j*c - 360. List the prime factors of c.
2, 3
Suppose -45*j = -62*j + 35309. Let p = j + -273. List the prime factors of p.
2, 11, 41
Let v(j) = -5*j - 29. Let z = 262 + -276. List the prime factors of v(z).
41
Suppose -228*a + 56644 = -200*a. List the prime factors of a.
7, 17
List the prime factors of (-119112)/(-10)*485/194.
2, 3, 7, 709
Let g(d) = 74*d - 29. Let p be (4/(-18))/((-3)/81). What are the prime factors of g(p)?
5, 83
List the prime factors of 4 + (215/(-25) - -9 - 63203/(-5)).
3, 5, 281
Suppose -13*u + 15 = -18*u. Let a(m) = -31*m + 35. List the prime factors of a(u).
2
Let t(y) = 78*y - 1. Let a(o) = -o**2 + 9*o - 13. Let r be a(7). Let s be t(r). Suppose -3 = -f, 0 = -3*l - 2*f + s + 10. What are the prime factors of l?
3
Suppose 10682 = -5*w + 12*w. Suppose -3094 = -10*b + w. What are the prime factors of b?
2, 3, 7, 11
Let f = -1235 + 4546. List the prime factors of f.
7, 11, 43
List the prime factors of (2686/(-79))/(4/(-908)).
2, 17, 227
Suppose 0 = 2*i + 133*q - 136*q - 65736, -i = 4*q - 32901. What are the prime factors of i?
3, 13, 281
Suppose -133*j + 18 = -136*j. Let a(u) = -26*u - 17. What are the prime factors of a(j)?
139
Let o(r) be the second derivative of 125*r**3/6 + 14*r**2 - 311*r. List the prime factors of o(1).
3, 17
Suppose 